{"id":9,"date":"2022-04-01T11:15:13","date_gmt":"2022-04-01T09:15:13","guid":{"rendered":"http:\/\/curesdetoxdemoissac.fr\/?page_id=9"},"modified":"2022-07-28T14:32:38","modified_gmt":"2022-07-28T12:32:38","slug":"une-equipe-a-vos-petits-soins","status":"publish","type":"page","link":"https:\/\/curesdetoxdemoissac.fr\/index.php\/une-equipe-a-vos-petits-soins\/","title":{"rendered":"Une \u00e9quipe \u00e0 vos petits soins"},"content":{"rendered":"\n<p><\/p>\n\n\n\n<p><strong>Cl\u00e9mence Quinet,<\/strong>  naturopathe, apr\u00e8s 6 ans d&#8217;exp\u00e9rience en pharmacie.<br><strong><em>Plus de renseignements : <a href=\"https:\/\/www.facebook.com\/clem.quinet\">www.facebook.com\/clem.quinet<\/a><\/em><\/strong><\/p>\n\n\n\n<p><strong>V\u00e9ronique Fontanel,<\/strong> productrice de chasselas depuis 20 ans, convertie en bio depuis 2021 ! Au-del\u00e0 du raisin, une arboricultrice passionn\u00e9e par son m\u00e9tier qui aime partager ses exp\u00e9riences et transmettre la passion h\u00e9rit\u00e9e depuis 3 g\u00e9n\u00e9rations sur sa ferme de Montesquieu (sur les coteaux de Moissac)<\/p>\n\n\n\n<p><strong>Fanny et Claudine :<\/strong> le duo choc qui pilote l\u2019Ancien Carmel de Moissac, un haut lieu d\u2019h\u00e9bergement de la Via Podiensis sur le chemin de Compostelle \u2013 son clo\u00eetre et la vue dominante sur la ville vous raviront !<br><strong><em>Plus de renseignements :<\/em><\/strong> <em><strong><a href=\"http:\/\/www.lanciencarmelmoissac.com\">www.lanciencarmelmoissac.com<\/a><\/strong><\/em><\/p>\n\n\n\n<p><strong>LILIAN CONORT<\/strong> form\u00e9 \u00e0 l\u2019\u00e9cole de naturopathie Euronature \u00e0 Toulouse en 2018 et \u00e9ducateur de sant\u00e9. Il compl\u00e8te cette fabuleuse m\u00e9thode de soins et d\u2019accompagnement qu\u2019est la naturopathie par du psychogestionnel qui est un outil de r\u00e9paration \u00e9motionnelle. Cependant sa toute premi\u00e8re formation est le reiki, pratique d\u2019origine japonaise et pratique le je\u00fbne intermittent depuis plus de 10 ans<br><strong><em>Plus de renseignements : <a href=\"http:\/\/www.lespelida.com\">www.lespelida.com<\/a> \/ 06 62 62 86 03<\/em><\/strong><\/p>\n\n\n\n<p><strong>Lydie Dass-Arcole :<\/strong> aux manettes du Moulin*** de Moissac depuis 2013, et tellement amoureuse de la r\u00e9gion. Mais le Moulin lui date de 1474 et vous offrira une vue in\u00e9gal\u00e9e sur le Tarn\u2026<br><strong><em>Plus de renseignements : <a href=\"https:\/\/www.lemoulindemoissac.com\/\">www.lemoulindemoissac.com<\/a><\/em><\/strong><\/p>\n","protected":false},"excerpt":{"rendered":"<p>Cl\u00e9mence Quinet, naturopathe, apr\u00e8s 6 ans d&#8217;exp\u00e9rience en pharmacie.Plus de renseignements : www.facebook.com\/clem.quinet V\u00e9ronique Fontanel, productrice de chasselas depuis 20 ans, convertie en bio depuis 2021 ! Au-del\u00e0 du raisin, une arboricultrice passionn\u00e9e par son m\u00e9tier qui aime partager ses exp\u00e9riences et transmettre la passion h\u00e9rit\u00e9e depuis 3 g\u00e9n\u00e9rations sur sa ferme de Montesquieu (sur <a class=\"more-link\" href=\"https:\/\/curesdetoxdemoissac.fr\/index.php\/une-equipe-a-vos-petits-soins\/\">Lire plus &#8230;<\/a><\/p>\n","protected":false},"author":1,"featured_media":0,"parent":0,"menu_order":1,"comment_status":"closed","ping_status":"closed","template":"","meta":{"footnotes":""},"class_list":["post-9","page","type-page","status-publish","hentry"],"_links":{"self":[{"href":"https:\/\/curesdetoxdemoissac.fr\/index.php\/wp-json\/wp\/v2\/pages\/9","targetHints":{"allow":["GET"]}}],"collection":[{"href":"https:\/\/curesdetoxdemoissac.fr\/index.php\/wp-json\/wp\/v2\/pages"}],"about":[{"href":"https:\/\/curesdetoxdemoissac.fr\/index.php\/wp-json\/wp\/v2\/types\/page"}],"author":[{"embeddable":true,"href":"https:\/\/curesdetoxdemoissac.fr\/index.php\/wp-json\/wp\/v2\/users\/1"}],"replies":[{"embeddable":true,"href":"https:\/\/curesdetoxdemoissac.fr\/index.php\/wp-json\/wp\/v2\/comments?post=9"}],"version-history":[{"count":3,"href":"https:\/\/curesdetoxdemoissac.fr\/index.php\/wp-json\/wp\/v2\/pages\/9\/revisions"}],"predecessor-version":[{"id":78,"href":"https:\/\/curesdetoxdemoissac.fr\/index.php\/wp-json\/wp\/v2\/pages\/9\/revisions\/78"}],"wp:attachment":[{"href":"https:\/\/curesdetoxdemoissac.fr\/index.php\/wp-json\/wp\/v2\/media?parent=9"}],"curies":[{"name":"wp","href":"https:\/\/api.w.org\/{rel}","templated":true}]}}